w, 4*w - d = 4*y - 4. What is the tens digit of (w*-7 + 0)/(26/(-91))?
9
What is the thousands digit of (4/(-2) - 114543/(-6)) + 159/(-318)?
9
Let h = 8502 - 4150. Suppose 26*p - 18*p = h. Let i = -374 + p. What is the units digit of i?
0
What is the hundreds digit of (9 - 14)/((-15)/1866)?
6
Let s = 10125 + -1497. What is the units digit of s?
8
Let s = 1583 + -375. What is the units digit of s?
8
Suppose -5*i - h - 4*h = -55, 0 = -i - 5*h + 7. Let p be 18/(-4)*i/18. What is the tens digit of 30 - ((p - (2 - 6)) + 0)?
2
Let c be (-7 + 1)/((-66)/(-176)). Let k(r) = r**2 + 2*r + 71. What is the units digit of k(c)?
5
What is the tens digit of -13 + (-215340)/(-40) + (-5)/2 + 3?
7
What is the ten thousands digit of (-2560)/(-120)*3837/4?
2
Suppose 6 = -c + 6. Suppose -4*s = 3*n + 26, 2*s - 4*n + 3*n + 18 = c. What is the tens digit of ((-5)/(30/(-171)))/((-4)/s)?
5
Suppose 78 = -q - 5*q. Let c(i) = -i**3 - 13*i**2 + 9*i + 19. Let k be c(q). Let o = 6 - k. What is the hundreds digit of o?
1
Let r(z) = -203*z - 24. Let o be r(-8). Suppose -l = 5*w + o, 1279 = -4*w + l - 2*l. Let v = w + 454. What is the tens digit of v?
3
Suppose 250 = 9*x - 1496. Let y = -188 + x. What is the units digit of y?
6
Let w = 49968 - -10548. What is the units digit of w?
6
Suppose -14647 = -3*h - 11*w + 6*w, -4*h + 19522 = 3*w. Suppose 0 = -368*p + 375*p - h. What is the hundreds digit of p?
6
Let p be (1332/(-14))/(1/(-7)). Let c = p - 461. What is the units digit of c?
5
Let x be (-14)/(-21)*(936 - (1 - 1)). Suppose 3*g = -4*r - x, 0 = -4*r + 4*g - 38 - 558. Let a = 304 + r. What is the units digit of a?
1
Suppose -156011 = -31*s + 75837 + 125365. What is the ten thousands digit of s?
1
Let o = -2 - -18. Suppose 2*z + o = 76. What is the units digit of -6*(-16)/z*10?
2
Let t(n) = n**2 - 16*n + 52. Let h be t(12). Suppose 0 = h*z + 202 - 886. What is the tens digit of z?
7
Let t(p) = p**3 - p**2 - p - 1. Let v(k) = 236*k**3 + 7*k**2 + 5*k + 3. Let z(c) = -4*t(c) - v(c). What is the tens digit of z(-1)?
3
Let f(j) = -6*j**2 + 7*j + 3. Let t(g) = -7*g**2 + 8*g + 3. Let u(b) = -4*f(b) + 3*t(b). What is the tens digit of u(-9)?
7
Let c = 17784 + -5019. What is the thousands digit of c?
2
Suppose 0 = 2*k + 3*u + 116, k - 2*u + 44 = -0*u. Let b = 206 - k. What is the tens digit of b?
5
Suppose 3*f = -21, -65*d + 70*d - f - 100202 = 0. What is the tens digit of d?
3
Let a be (-1246)/(-112) - 1/8 - -1. Suppose 1164 = 15*p - a*p. What is the hundreds digit of p?
3
Let d be ((-2009)/21)/(5/60). Let b = 1740 + d. What is the hundreds digit of b?
5
Let d = -486 - -478. What is the hundreds digit of (-15)/60 - 3562/d?
4
Let n be 512/52 - (4 + 216/(-52)). What is the tens digit of 491*6/(-3)*(-5)/n?
9
What is the ten thousands digit of (693/132*128)/((-2)/(164/(-3)))?
1
Let q(v) = v**2 + 10*v + 12. Let m be q(-9). Suppose 0 = 3*y - 3*d + 7*d - 1325, m*d = 15. Suppose -18*j = -21*j + y. What is the units digit of j?
5
Suppose -2*w = -28 + 2. Let h = w - 43. Let t = h + 65. What is the tens digit of t?
3
Let d = 293 - 174. Let w be (315/2)/((-9)/(-12)). Let h = w - d. What is the tens digit of h?
9
Let b = -20056 + 37062. What is the units digit of b?
6
Let m(q) = 194*q**2 - 31*q + 1. What is the thousands digit of m(4)?
2
Suppose 13*a = 3*z + 7*a - 528, 3*z - 518 = -4*a. What is the units digit of z?
4
Suppose 3*v - d = -6 + 13, -4*d + 17 = 3*v. Suppose 0 = -v*g - 255 + 2565. What is the units digit of g?
0
Let o = -152 - -156. Suppose 2*s - 379 = 5*z, -5*s + 5*z + 202 = -o*s. What is the hundreds digit of s?
1
Let x = 224 + -121. Let s = 1 + x. What is the tens digit of s?
0
Let f = -44300 + 64706. What is the tens digit of f?
0
Let l(z) = -z. Let q(y) = 2*y**2 - 8*y - 20. Let o(x) = 5*l(x) + q(x). Let w be o(-8). Suppose w = 6*k - 94. What is the tens digit of k?
5
Let h(j) = -14*j**2 - 2*j - 3. Let y be h(4). Let p = -544 - y. Let u = -160 - p. What is the tens digit of u?
4
Let w = -6451 + 29829. What is the tens digit of w?
7
Let f be 3*(-2)/36 - 2/(-12). Suppose -3*h + 5*g + 6 = f, 3*g - 5*g - 10 = -5*h. Suppose 18 = -h*w + 42. What is the units digit of w?
2
Suppose -904836 = -31*h + 978352. What is the thousands digit of h?
0
What is the hundreds digit of ((-125)/50)/((-30)/7404)?
6
Suppose 5*x = 3*o - 515, o - x - 153 = -4*x. Let s = o - 65. Suppose 0 = 3*u + u - s. What is the units digit of u?
5
Let d(p) = 42*p**2 - 6*p + 3. Let z be d(2). Let n = z - 40. What is the hundreds digit of n?
1
Let h(r) = -r**3 - 17*r**2 + 14*r + 8. Let c be h(-10). Let l = 1297 + c. Suppose -l = -4*f + 7. What is the tens digit of f?
1
Let q(c) = -c**3 + 20*c**2 + 53*c + 542. What is the ten thousands digit of q(-21)?
1
Let k(n) = -3*n**2 + 4*n - 2*n**2 - 3 + 1 - 8*n - n**3. Let l(h) = h**3 + 9*h**2 - 5. Let c be l(-9). What is the tens digit of k(c)?
1
Suppose 0 = 4*j + 4*l - 112436, -4*j + l = -9*j + 140561. What is the ten thousands digit of j?
2
Let o(n) = -5*n**3 + n**2 - 2*n - 1. Suppose 1 - 21 = 10*y. What is the units digit of o(y)?
7
Suppose 23778 = 5*s - n - 33411, 5*n - 57225 = -5*s. What is the tens digit of s?
3
Suppose -2*z + 10 = m - 5, -m - 5*z + 30 = 0. Suppose -6*r = -13 - m. Suppose 5*l - 238 = -3*t, -3*t = -2*t + r*l - 82. What is the units digit of t?
6
What is the tens digit of 181 + -180 - 35998/(-3) - 5/(-3)?
0
Suppose -12 = -2*j + r, -5*r + 42 - 18 = 2*j. Let a(d) be the second derivative of 8*d**3/3 + 3*d**2 - d. What is the units digit of a(j)?
8
Let g(s) = 1335*s**2 + 120*s + 121. What is the thousands digit of g(-1)?
1
Suppose -10300 = -7*p - 1284. Suppose j = -3*c + 965, j = -4*c - j + p. Suppose c = 6*b - 3*b. What is the units digit of b?
7
Let k = -373 + 414. Let y = 546 - k. What is the tens digit of y?
0
Suppose -40*a = -2115 - 350485. What is the tens digit of a?
1
Suppose -5*u = 5*g + 15, 5*u + 4*g + 0*g + 12 = 0. Let o be ((-18)/(-3) + -7)/((-2)/234). Suppose 2*v - o - 61 = u. What is the tens digit of v?
8
Let l = -586 - -685. Suppose -96*g - 633 = -l*g. What is the tens digit of g?
1
Let c(z) = 4*z**2 + 91*z + 142. What is the tens digit of c(-33)?
9
Let v(h) = -h + 16. Let a = -44 - -57. Let o be v(a). Suppose o*r = 267 - 39. What is the units digit of r?
6
What is the thousands digit of 12/20*(2276 + 5)*5?
6
Let i be (49/(-21))/((-2)/(-438)). Let y = 1081 + i. What is the hundreds digit of y?
5
Let g(k) = -4*k + 21. Let f be g(4). Suppose f*r = -4 + 24, 3*i + 3*r = 0. What is the units digit of -70*i/8 + 0?
5
Let j(v) be the second derivative of -v**4/12 - 22*v**3/3 - 42*v**2 - 20*v - 2. What is the tens digit of j(-29)?
5
Suppose 7355 = f + 5*z, -766*f = -770*f + 2*z + 29530. What is the units digit of f?
0
Let s = 19 + -12. Let g(h) = -10*h + 15. Let j(t) = -5*t + 7. Let p(z) = s*j(z) - 4*g(z). What is the tens digit of p(13)?
5
Suppose -51234 + 11610 = -12*r. What is the thousands digit of r?
3
Let p = -643 - -646. Let b(j) = j - 3. Let l be b(3). Suppose -381 = -3*v - l*m + m, -9 = p*m. What is the tens digit of v?
2
Let d = -145 + -107. What is the hundreds digit of ((-180)/(-70))/((-6)/d)?
1
Let q = -96 + 98. Suppose 395 = x + 6*w - w, -735 = -q*x + w. What is the tens digit of x?
7
Let l(a) be the first derivative of -3*a**4/4 + 4*a**3/3 + a**2/2 - a - 24. Let c be l(4). What is the units digit of 0 + 3 - 5 - c?
3
Let g = -52 + 143. Let z = -79 + g. Suppose 5*x + z = -3, 3*w + x = 36. What is the units digit of w?
3
Let z = 144 + 1951. Suppose 18*o - 8557 = -z. What is the tens digit of o?
5
Suppose 2*b = 3*t - 9080, 2*b = 2*t - 2*b - 6056. What is the units digit of (t/(-5))/((-18)/45)?
3
Let v = -21119 - -60124. What is the hundreds digit of v?
0
Let b(a) = 2*a**3 - 3*a**2 - 4*a - 5. Let j be b(5). Let h(i) = -i**3 + 17*i**2 + 25*i - 33. Let p be h(18). Suppose 3*k - p = j. What is the tens digit of k?
8
Let x = -4113 - -14189. What is the tens digit of x?
7
Let w be (-2)/(-4)*(1 - (-6 - -1)). Let j(t) = 9*t - 24. Let z be j(w). Suppose 4*s - 470 = -5*r, 203 = z*s - 5*r - 132. What is the hundreds digit of s?
1
Suppose 447 = 5*g + 2*b, -3*g - b + 272 = 4*b. Suppose -746 = -91*l + g*l. What is the units digit of l?
3
Suppose 4*p = -5*g + 6*g - 1391, 0 = 5*p - 3*g + 1744. Let y = 885 + p. What is the units digit of y?
8
Suppose 89*d - 6008